4 - 2?
234233342
In base 2, what is 10000111101000011100 + -11?
10000111101000011001
In base 6, what is 241 - 321032?
-320351
In base 15, what is -2 - -aa01?
a9ee
In base 16, what is 1848 - -3e?
1886
In base 3, what is -11 - 21221012222?
-21221020010
In base 12, what is -10a1 + -19?
-10ba
In base 14, what is 7d9888 - 4?
7d9884
In base 3, what is -1010120 - -12211?
-220202
In base 3, what is 10 + -1121002201112?
-1121002201102
In base 7, what is 46 - 30334?
-30255
In base 14, what is 63c + 32?
670
In base 8, what is 2 - 147511?
-147507
In base 16, what is -885d - -18?
-8845
In base 6, what is 200442 - 20?
200422
In base 11, what is 35986 + 0?
35986
In base 6, what is 23 - -3355310?
3355333
In base 6, what is -13044412 + -5?
-13044421
In base 16, what is -3a2 + 771?
3cf
In base 5, what is 214240 + -222?
214013
In base 6, what is 32203 + -322?
31441
In base 10, what is -5250 - -48?
-5202
In base 13, what is 4 + 154?
158
In base 2, what is -1100011 + 10010011101001?
10010010000110
In base 7, what is -2141 - -30545?
25404
In base 5, what is -31224402 + -1?
-31224403
In base 13, what is -1 + 1606?
1605
In base 2, what is -10000010001100 - 101?
-10000010010001
In base 3, what is 10122 + 200102?
211001
In base 15, what is 14 - -20c?
221
In base 4, what is -23113 + 22?
-23031
In base 13, what is -2b51920 + -5?
-2b51925
In base 13, what is -38 - 150?
-188
In base 6, what is 521 - -40053?
41014
In base 16, what is -2 - -36bf?
36bd
In base 5, what is 431033 + 1234?
432322
In base 9, what is 142713 + 38?
142752
In base 13, what is 6 + -1b433?
-1b42a
In base 8, what is 2176 - -71?
2267
In base 2, what is 1010101 - 110010111011100?
-110010110000111
In base 8, what is -10532 - 42?
-10574
In base 16, what is 3e + ae?
ec
In base 9, what is -11823 + -28?
-11852
In base 6, what is 0 + -3135001?
-3135001
In base 8, what is -572 + -564?
-1356
In base 9, what is 660 + -210?
450
In base 9, what is -1626 - -625?
-1001
In base 12, what is -7088 - -2?
-7086
In base 3, what is 110012211020 - -11?
110012211101
In base 3, what is -222000 - 1021?
-1000021
In base 15, what is 3a + b98?
bd3
In base 13, what is -4 - 183cb?
-18402
In base 11, what is 5 + -48932?
-48928
In base 10, what is 152 - -4070?
4222
In base 16, what is -4 + -2cf2?
-2cf6
In base 13, what is 38923c - -1?
389240
In base 3, what is 10 - -1211122?
1211202
In base 2, what is -101110001110110 - 101?
-101110001111011
In base 15, what is 3 + -ac218?
-ac215
In base 13, what is 3 + b7756?
b7759
In base 14, what is -18b10 - 11?
-18b21
In base 4, what is 23 - -202300?
202323
In base 14, what is -1a0d - 33?
-1a42
In base 15, what is -18a + -8c?
-227
In base 8, what is -256045 + 11?
-256034
In base 10, what is -18138 + 10?
-18128
In base 16, what is 549c + -3?
5499
In base 11, what is 8005 - 4?
8001
In base 3, what is 0 - -11201112?
11201112
In base 4, what is -1031 - 102131?
-103222
In base 6, what is -451 - 3152?
-4043
In base 6, what is 32 + -5323?
-5251
In base 2, what is -101001111100 + -10110?
-101010010010
In base 11, what is 46 + 14299?
14334
In base 8, what is 10621 - -5?
10626
In base 14, what is -768 - -18?
-750
In base 13, what is -4a723a - -5?
-4a7235
In base 3, what is 1 - 1022011120?
-1022011112
In base 6, what is 121333350 + -3?
121333343
In base 8, what is 36560 + 10?
36570
In base 4, what is -112011 + 1132?
-110213
In base 15, what is -36 - -12c?
e6
In base 5, what is -13400332 + -3?
-13400340
In base 12, what is 5629 + -34?
55b5
In base 9, what is -188 - -6457?
6258
In base 11, what is -91401 + -1?
-91402
In base 10, what is 7 + -66832?
-66825
In base 5, what is -3 + -204320240?
-204320243
In base 8, what is -7 + 103425?
103416
In base 7, what is 1 - -134505?
134506
In base 10, what is 115339 - 3?
115336
In base 2, what is 1 + -1100010010100?
-1100010010011
In base 4, what is -123 - 2132113?
-2132302
In base 10, what is -2 + 739182?
739180
In base 10, what is 8 + 224?
232
In base 10, what is 2 - 10870?
-10868
In base 4, what is -2312132 + 11?
-2312121
In base 5, what is -100 - 1113331?
-1113431
In base 10, what is -61 + 80429?
80368
In base 4, what is 113200 - -101203?
221003
In base 13, what is -5 - 71367?
-7136c
In base 13, what is -12a9 - aa?
-1386
In base 7, what is 2 + 2135035?
2135040
In base 4, what is -1 + -2333103?
-2333110
In base 2, what is -10101111010000 - -111?
-10101111001001
In base 15, what is -68 - -3?
-65
In base 14, what is b - 60d22?
-60d15
In base 14, what is d9 - -196?
291
In base 10, what is 498 + 2301?
2799
In base 11, what is 1 + -127842?
-127841
In base 14, what is 2867 + 9?
2872
In base 7, what is -134004 - -3?
-134001
In base 12, what is -4 - 5692?
-5696
In base 13, what is -34107 - -9?
-340cb
In base 3, what is -2221021 - 2101?
-10000122
In base 4, what is -123 + -2321?
-3110
In base 13, what is -2 + 41c9?
41c7
In base 7, what is 21 + -4655?
-4634
In base 10, what is -6 - 238719?
-238725
In base 12, what is 15359 - -1?
1535a
In base 13, what is -3 + 86b4?
86b1
In base 4, what is -113 - 133022?
-133201
In base 13, what is 1 - 3259?
-3258
In base 15, what is 408 + -22?
3d6
In base 8, what is 107 - 1512?
-1403
In base 16, what is -5 - -76ce?
76c9
In base 16, what is 22 + 114?
136
In base 3, what is -200110122 - 20?
-200110212
In base 14, what is 1 - 5714?
-5713
In base 10, what is 5 - -1337?
1342
In base 16, what is 3cd + -1b5?
218
In base 3, what is 121022 - 221002?
-22210
In base 15, what is a4 - 1c5?
-121
In base 10, what is 16 - 1879?
-1863
In base 10, what is 113 - 201?
-88
In base 11, what is 56836 - 2?
56834
In base 9, what is -342 - 134?
-476
In base 14, what is 336d2a - 1?
336d29
In base 4, what is 20 + -202020?
-202000
In base 9, what is -14 - -1465?
1451
In base 9, what is -65224 + 5?
-65218
In base 15, what is -6709 + -1?
-670a
In base 9, what is 76 + -5502?
-5415
In base 7, what is -62 + 23650?
23555
In base 15, what is 356c5 - 0?
356c5
In base 14, what is 84 + 7372?
7416
In base 10, what is -5 + 2849?
2844
In base 14, what is 466 + 21?
487
In base 8, what is -15051 + -5?
-15056
In base 6, what is -105 + -4455?
-5004
In base 2, what is -100010001000001001001 + -10?
-100010001000001001011
In base 7, what is -2506250 - -2?
-2506245
In base 2, what is 101 + -1111000101010?
-1111000100101
In base 6, what is -22 - 201155?
-201221
In base 9, what is 24 - -502?
526
In base 3, what is 20021 + -11222222?
-11202201
In base 15, what is -5a7 + 38?
-56e
In base 7, what is -103 + 3323?
3220
In base 9, what is -80 - 4637?
-4727
In base 14, what is 8bdc - -3?
8c01
In base 2, what is 1100 - 11000001100110?
-11000001011010
In base 5, what is -213 + -33012?
-33230
In base 11, what is -5 - 12aa15?
-12aa1a
In base 7, what is 113602023 + 0?
113602023
In base 9, what is -14381 + 110?
-14271
In base 13, what is -54 + -1068?
-10bc
In base 7, what is -114 + 501?
354
In base 10, what is -34 - 11944?
-11978
In base 13, what is -468 + -1b0?
-648
In base 13, what is -13863 + 1a?
-13846
In base 6, what is 3 - -220312?
220315
In base 3, what is 21220 - 120021?
-21101
In base 5, what is 40 + -144414?
-144324
In base 2, what is 0 + -111010110010011111?
-111010110010011111
In base 16, what is -e97d8 - -4?
-e97d4
In base 9, what is -20 + 3861?
3841
In base 6, what is -324535 - 4?
-324543
In base 9, what is 42 + 3164?
3216
In base 10, what is 3284 + -80?
3204
In base 14, what is -ca442 + 6?
-ca43a
In base 7, what is -4 + -22614?
-22621
In base 3, what is -211000210 + 21?
-211000112
In base 15, what is 7e508 - -c?
7e515
In base 6, what is 2 - 211111?
-211105
In base 8, what is 123 + 1437?
1562
In base 5, what is -1 + -10004042?
-10004043
In base 13, what is 262 + -c?
253
In base 10, what is 0 - -1599?
1599
In base 15, what is -ec9c - -4?
-ec98
In base 2, what is -10111001011 + -1111?
-10111011010
In base 13, what is 11763c - 1?
11763b
In base 13, what is -3 - 125c?
-1262
In base 14, what is 1b95 - -5a?
1c11
In base 8, what is -74 + 106?
12
In base 16, what is 64f - -f1?
740
In base 6, what is -1232110 + -1?
-1232111
In base 13, what is 20155 - c?
20146
In base 12, what is 4 + -137953?
-13794b
In base 2, what is 1000110001100110001 + -111?
1000110001100101010
In base 11, what is 7840 - -82?
7912
In base 2, what is -1001 + -1010011101110000?
-1010011101111001
In base 8, what is -4040306 - -2?
-4